{"id":4,"date":"2025-01-17T00:26:30","date_gmt":"2025-01-17T00:26:30","guid":{"rendered":"http:\/\/pcogim.com\/home-page\/"},"modified":"2025-01-29T20:38:41","modified_gmt":"2025-01-29T20:38:41","slug":"home","status":"publish","type":"page","link":"https:\/\/pcogim.com\/","title":{"rendered":"Home"},"content":{"rendered":"\t\t<div data-elementor-type=\"wp-page\" data-elementor-id=\"4\" class=\"elementor elementor-4\">\n\t\t\t\t<div class=\"elementor-element elementor-element-3db9b54 e-flex e-con-boxed e-con e-parent\" data-id=\"3db9b54\" data-element_type=\"container\" data-e-type=\"container\" data-settings=\"{&quot;background_background&quot;:&quot;classic&quot;}\">\n\t\t\t\t\t<div class=\"e-con-inner\">\n\t\t\t\t<div class=\"elementor-element elementor-element-d9148e3 elementor-widget elementor-widget-html\" data-id=\"d9148e3\" data-element_type=\"widget\" data-e-type=\"widget\" data-widget_type=\"html.default\">\n\t\t\t\t<div class=\"elementor-widget-container\">\n\t\t\t\t\t<style>\n    .bubble-text{\n        display: inline-block;\n        border: solid 1px white;\n        border-radius: 25px;\n        text-align: center;\n        justify-content: center;\n        background-color: rgba(255,255,255,0.25);\n        padding: 10px 25px;\n    }\n<\/style>\t\t\t\t<\/div>\n\t\t\t\t<\/div>\n\t\t<div class=\"elementor-element elementor-element-4e1da17 e-con-full e-flex e-con e-child\" data-id=\"4e1da17\" data-element_type=\"container\" data-e-type=\"container\">\n\t\t<div class=\"elementor-element elementor-element-bea1be5 e-con-full e-flex e-con e-child\" data-id=\"bea1be5\" data-element_type=\"container\" data-e-type=\"container\">\n\t\t\t\t<div class=\"elementor-element elementor-element-ee3ff33 bubble-text elementor-widget elementor-widget-heading\" data-id=\"ee3ff33\" data-element_type=\"widget\" data-e-type=\"widget\" data-widget_type=\"heading.default\">\n\t\t\t\t<div class=\"elementor-widget-container\">\n\t\t\t\t\t<h6 class=\"elementor-heading-title elementor-size-default\">Dios<\/h6>\t\t\t\t<\/div>\n\t\t\t\t<\/div>\n\t\t\t\t<div class=\"elementor-element elementor-element-d8e330d bubble-text elementor-widget elementor-widget-heading\" data-id=\"d8e330d\" data-element_type=\"widget\" data-e-type=\"widget\" data-widget_type=\"heading.default\">\n\t\t\t\t<div class=\"elementor-widget-container\">\n\t\t\t\t\t<h6 class=\"elementor-heading-title elementor-size-default\">Paz<\/h6>\t\t\t\t<\/div>\n\t\t\t\t<\/div>\n\t\t\t\t<div class=\"elementor-element elementor-element-c1935aa bubble-text elementor-widget elementor-widget-heading\" data-id=\"c1935aa\" data-element_type=\"widget\" data-e-type=\"widget\" data-widget_type=\"heading.default\">\n\t\t\t\t<div class=\"elementor-widget-container\">\n\t\t\t\t\t<h6 class=\"elementor-heading-title elementor-size-default\">Amor<\/h6>\t\t\t\t<\/div>\n\t\t\t\t<\/div>\n\t\t\t\t<\/div>\n\t\t\t\t<div class=\"elementor-element elementor-element-c527ee8 elementor-widget elementor-widget-heading\" data-id=\"c527ee8\" data-element_type=\"widget\" data-e-type=\"widget\" data-widget_type=\"heading.default\">\n\t\t\t\t<div class=\"elementor-widget-container\">\n\t\t\t\t\t<h2 class=\"elementor-heading-title elementor-size-default\">Iglesia de Dios Pentecostal M.l.<\/h2>\t\t\t\t<\/div>\n\t\t\t\t<\/div>\n\t\t\t\t<div class=\"elementor-element elementor-element-95d3692 elementor-widget-divider--view-line elementor-widget elementor-widget-divider\" data-id=\"95d3692\" data-element_type=\"widget\" data-e-type=\"widget\" data-widget_type=\"divider.default\">\n\t\t\t\t<div class=\"elementor-widget-container\">\n\t\t\t\t\t\t\t<div class=\"elementor-divider\">\n\t\t\t<span class=\"elementor-divider-separator\">\n\t\t\t\t\t\t<\/span>\n\t\t<\/div>\n\t\t\t\t\t\t<\/div>\n\t\t\t\t<\/div>\n\t\t\t\t<div class=\"elementor-element elementor-element-bc72ef0 elementor-widget elementor-widget-text-editor\" data-id=\"bc72ef0\" data-element_type=\"widget\" data-e-type=\"widget\" data-widget_type=\"text-editor.default\">\n\t\t\t\t<div class=\"elementor-widget-container\">\n\t\t\t\t\t\t\t\t\t<div><div>Bienvenido a nuestra comunidad. Nos reunimos para alabar, aprender y compartir el amor de Dios. \u00danase a nosotros en esta maravillosa jornada de fe y esperanza.<\/div><\/div>\t\t\t\t\t\t\t\t<\/div>\n\t\t\t\t<\/div>\n\t\t\t\t<div class=\"elementor-element elementor-element-d9c69ac elementor-widget elementor-widget-button\" data-id=\"d9c69ac\" data-element_type=\"widget\" data-e-type=\"widget\" data-widget_type=\"button.default\">\n\t\t\t\t<div class=\"elementor-widget-container\">\n\t\t\t\t\t\t\t\t\t<div class=\"elementor-button-wrapper\">\n\t\t\t\t\t<a class=\"elementor-button elementor-button-link elementor-size-sm\" href=\"http:\/\/pcogim.com\/index.php\/contact\/\">\n\t\t\t\t\t\t<span class=\"elementor-button-content-wrapper\">\n\t\t\t\t\t\t\t\t\t<span class=\"elementor-button-text\">Contacto<\/span>\n\t\t\t\t\t<\/span>\n\t\t\t\t\t<\/a>\n\t\t\t\t<\/div>\n\t\t\t\t\t\t\t\t<\/div>\n\t\t\t\t<\/div>\n\t\t\t\t<\/div>\n\t\t\t\t\t<\/div>\n\t\t\t\t<\/div>\n\t\t<div class=\"elementor-element elementor-element-c0da0b1 e-flex e-con-boxed e-con e-parent\" data-id=\"c0da0b1\" data-element_type=\"container\" data-e-type=\"container\">\n\t\t\t\t\t<div class=\"e-con-inner\">\n\t\t\t\t<div class=\"elementor-element elementor-element-a25f211 elementor-widget elementor-widget-spacer\" data-id=\"a25f211\" data-element_type=\"widget\" data-e-type=\"widget\" data-widget_type=\"spacer.default\">\n\t\t\t\t<div class=\"elementor-widget-container\">\n\t\t\t\t\t\t\t<div class=\"elementor-spacer\">\n\t\t\t<div class=\"elementor-spacer-inner\"><\/div>\n\t\t<\/div>\n\t\t\t\t\t\t<\/div>\n\t\t\t\t<\/div>\n\t\t\t\t<div class=\"elementor-element elementor-element-8fd3545 elementor-widget elementor-widget-shortcode\" data-id=\"8fd3545\" data-element_type=\"widget\" data-e-type=\"widget\" data-widget_type=\"shortcode.default\">\n\t\t\t\t<div class=\"elementor-widget-container\">\n\t\t\t\t\t    <ul>\r\n                                                                            <li>\r\n                    <a href=\"\/index.php\/wp-json\/wp\/v2\/pages\/4?pdf_url=https:\/\/pcogim.com\/wp-content\/plugins\/pdf_viewer\/includes\/pdf\/01.pdf\" class=\"pdf-url\">01.pdf<\/a>\r\n                <\/li>\r\n                                                <li>\r\n                    <a href=\"\/index.php\/wp-json\/wp\/v2\/pages\/4?pdf_url=https:\/\/pcogim.com\/wp-content\/plugins\/pdf_viewer\/includes\/pdf\/02.pdf\" class=\"pdf-url\">02.pdf<\/a>\r\n                <\/li>\r\n                                                <li>\r\n                    <a href=\"\/index.php\/wp-json\/wp\/v2\/pages\/4?pdf_url=https:\/\/pcogim.com\/wp-content\/plugins\/pdf_viewer\/includes\/pdf\/03.pdf\" class=\"pdf-url\">03.pdf<\/a>\r\n                <\/li>\r\n                                                <li>\r\n                    <a href=\"\/index.php\/wp-json\/wp\/v2\/pages\/4?pdf_url=https:\/\/pcogim.com\/wp-content\/plugins\/pdf_viewer\/includes\/pdf\/04.pdf\" class=\"pdf-url\">04.pdf<\/a>\r\n                <\/li>\r\n                                                <li>\r\n                    <a href=\"\/index.php\/wp-json\/wp\/v2\/pages\/4?pdf_url=https:\/\/pcogim.com\/wp-content\/plugins\/pdf_viewer\/includes\/pdf\/05.pdf\" class=\"pdf-url\">05.pdf<\/a>\r\n                <\/li>\r\n                                                <li>\r\n                    <a href=\"\/index.php\/wp-json\/wp\/v2\/pages\/4?pdf_url=https:\/\/pcogim.com\/wp-content\/plugins\/pdf_viewer\/includes\/pdf\/06.pdf\" class=\"pdf-url\">06.pdf<\/a>\r\n                <\/li>\r\n                                                <li>\r\n                    <a href=\"\/index.php\/wp-json\/wp\/v2\/pages\/4?pdf_url=https:\/\/pcogim.com\/wp-content\/plugins\/pdf_viewer\/includes\/pdf\/07.pdf\" class=\"pdf-url\">07.pdf<\/a>\r\n                <\/li>\r\n                                                <li>\r\n                    <a href=\"\/index.php\/wp-json\/wp\/v2\/pages\/4?pdf_url=https:\/\/pcogim.com\/wp-content\/plugins\/pdf_viewer\/includes\/pdf\/08.pdf\" class=\"pdf-url\">08.pdf<\/a>\r\n                <\/li>\r\n                                                <li>\r\n                    <a href=\"\/index.php\/wp-json\/wp\/v2\/pages\/4?pdf_url=https:\/\/pcogim.com\/wp-content\/plugins\/pdf_viewer\/includes\/pdf\/09.pdf\" class=\"pdf-url\">09.pdf<\/a>\r\n                <\/li>\r\n                                                <li>\r\n                    <a href=\"\/index.php\/wp-json\/wp\/v2\/pages\/4?pdf_url=https:\/\/pcogim.com\/wp-content\/plugins\/pdf_viewer\/includes\/pdf\/10.pdf\" class=\"pdf-url\">10.pdf<\/a>\r\n                <\/li>\r\n                                                <li>\r\n                    <a href=\"\/index.php\/wp-json\/wp\/v2\/pages\/4?pdf_url=https:\/\/pcogim.com\/wp-content\/plugins\/pdf_viewer\/includes\/pdf\/Community-Festival-PDF.pdf\" class=\"pdf-url\">Community-Festival-PDF.pdf<\/a>\r\n                <\/li>\r\n                                                <li>\r\n                    <a href=\"\/index.php\/wp-json\/wp\/v2\/pages\/4?pdf_url=https:\/\/pcogim.com\/wp-content\/plugins\/pdf_viewer\/includes\/pdf\/table.pdf\" class=\"pdf-url\">table.pdf<\/a>\r\n                <\/li>\r\n                        <\/ul>\r\n    \t\t<div class=\"elementor-shortcode\"><\/div>\n\t\t\t\t\t\t<\/div>\n\t\t\t\t<\/div>\n\t\t\t\t<div class=\"elementor-element elementor-element-1e887a4 elementor-widget elementor-widget-shortcode\" data-id=\"1e887a4\" data-element_type=\"widget\" data-e-type=\"widget\" data-widget_type=\"shortcode.default\">\n\t\t\t\t<div class=\"elementor-widget-container\">\n\t\t\t\t\t\t\t<div class=\"elementor-shortcode\"><!-- PDF Embedder: Please provide an \"URL\" attribute in your shortcode. --><\/div>\n\t\t\t\t\t\t<\/div>\n\t\t\t\t<\/div>\n\t\t\t\t\t<\/div>\n\t\t\t\t<\/div>\n\t\t<div class=\"elementor-element elementor-element-4ad7eb9 e-con-full e-flex e-con e-parent\" data-id=\"4ad7eb9\" data-element_type=\"container\" data-e-type=\"container\" data-settings=\"{&quot;background_background&quot;:&quot;classic&quot;}\">\n\t\t<div class=\"elementor-element elementor-element-0a52b15 e-flex e-con-boxed e-con e-child\" data-id=\"0a52b15\" data-element_type=\"container\" data-e-type=\"container\">\n\t\t\t\t\t<div class=\"e-con-inner\">\n\t\t<div class=\"elementor-element elementor-element-d25da22 e-con-full e-grid e-con e-child\" data-id=\"d25da22\" data-element_type=\"container\" data-e-type=\"container\">\n\t\t<div class=\"elementor-element elementor-element-ebab838 e-con-full e-flex e-con e-child\" data-id=\"ebab838\" data-element_type=\"container\" data-e-type=\"container\">\n\t\t\t\t<div class=\"elementor-element elementor-element-40ba76c elementor-widget elementor-widget-heading\" data-id=\"40ba76c\" data-element_type=\"widget\" data-e-type=\"widget\" data-widget_type=\"heading.default\">\n\t\t\t\t<div class=\"elementor-widget-container\">\n\t\t\t\t\t<h2 class=\"elementor-heading-title elementor-size-default\">02<\/h2>\t\t\t\t<\/div>\n\t\t\t\t<\/div>\n\t\t\t\t<div class=\"elementor-element elementor-element-23e8cd5 elementor-widget elementor-widget-heading\" data-id=\"23e8cd5\" data-element_type=\"widget\" data-e-type=\"widget\" data-widget_type=\"heading.default\">\n\t\t\t\t<div class=\"elementor-widget-container\">\n\t\t\t\t\t<h4 class=\"elementor-heading-title elementor-size-default\">Days<\/h4>\t\t\t\t<\/div>\n\t\t\t\t<\/div>\n\t\t\t\t<\/div>\n\t\t<div class=\"elementor-element elementor-element-f3ac07f e-con-full e-flex e-con e-child\" data-id=\"f3ac07f\" data-element_type=\"container\" data-e-type=\"container\">\n\t\t\t\t<div class=\"elementor-element elementor-element-bcc3ce3 elementor-widget elementor-widget-heading\" data-id=\"bcc3ce3\" data-element_type=\"widget\" data-e-type=\"widget\" data-widget_type=\"heading.default\">\n\t\t\t\t<div class=\"elementor-widget-container\">\n\t\t\t\t\t<h2 class=\"elementor-heading-title elementor-size-default\">13<\/h2>\t\t\t\t<\/div>\n\t\t\t\t<\/div>\n\t\t\t\t<div class=\"elementor-element elementor-element-0c7d9e8 elementor-widget elementor-widget-heading\" data-id=\"0c7d9e8\" data-element_type=\"widget\" data-e-type=\"widget\" data-widget_type=\"heading.default\">\n\t\t\t\t<div class=\"elementor-widget-container\">\n\t\t\t\t\t<h4 class=\"elementor-heading-title elementor-size-default\">Hours<\/h4>\t\t\t\t<\/div>\n\t\t\t\t<\/div>\n\t\t\t\t<\/div>\n\t\t<div class=\"elementor-element elementor-element-6c2ce22 e-con-full e-flex e-con e-child\" data-id=\"6c2ce22\" data-element_type=\"container\" data-e-type=\"container\">\n\t\t\t\t<div class=\"elementor-element elementor-element-b966ff4 elementor-widget elementor-widget-heading\" data-id=\"b966ff4\" data-element_type=\"widget\" data-e-type=\"widget\" data-widget_type=\"heading.default\">\n\t\t\t\t<div class=\"elementor-widget-container\">\n\t\t\t\t\t<h2 class=\"elementor-heading-title elementor-size-default\">38<\/h2>\t\t\t\t<\/div>\n\t\t\t\t<\/div>\n\t\t\t\t<div class=\"elementor-element elementor-element-0eb541b elementor-widget elementor-widget-heading\" data-id=\"0eb541b\" data-element_type=\"widget\" data-e-type=\"widget\" data-widget_type=\"heading.default\">\n\t\t\t\t<div class=\"elementor-widget-container\">\n\t\t\t\t\t<h4 class=\"elementor-heading-title elementor-size-default\">Minutes<\/h4>\t\t\t\t<\/div>\n\t\t\t\t<\/div>\n\t\t\t\t<\/div>\n\t\t<div class=\"elementor-element elementor-element-8b3dde3 e-con-full e-flex e-con e-child\" data-id=\"8b3dde3\" data-element_type=\"container\" data-e-type=\"container\">\n\t\t\t\t<div class=\"elementor-element elementor-element-54340c8 elementor-widget elementor-widget-heading\" data-id=\"54340c8\" data-element_type=\"widget\" data-e-type=\"widget\" data-widget_type=\"heading.default\">\n\t\t\t\t<div class=\"elementor-widget-container\">\n\t\t\t\t\t<h2 class=\"elementor-heading-title elementor-size-default\">06<\/h2>\t\t\t\t<\/div>\n\t\t\t\t<\/div>\n\t\t\t\t<div class=\"elementor-element elementor-element-e2dd7a7 elementor-widget elementor-widget-heading\" data-id=\"e2dd7a7\" data-element_type=\"widget\" data-e-type=\"widget\" data-widget_type=\"heading.default\">\n\t\t\t\t<div class=\"elementor-widget-container\">\n\t\t\t\t\t<h4 class=\"elementor-heading-title elementor-size-default\">Seconds<\/h4>\t\t\t\t<\/div>\n\t\t\t\t<\/div>\n\t\t\t\t<\/div>\n\t\t\t\t<\/div>\n\t\t\t\t<div class=\"elementor-element elementor-element-fa15ae9 elementor-widget-divider--view-line elementor-widget elementor-widget-divider\" data-id=\"fa15ae9\" data-element_type=\"widget\" data-e-type=\"widget\" data-widget_type=\"divider.default\">\n\t\t\t\t<div class=\"elementor-widget-container\">\n\t\t\t\t\t\t\t<div class=\"elementor-divider\">\n\t\t\t<span class=\"elementor-divider-separator\">\n\t\t\t\t\t\t<\/span>\n\t\t<\/div>\n\t\t\t\t\t\t<\/div>\n\t\t\t\t<\/div>\n\t\t\t\t<div class=\"elementor-element elementor-element-8f74a22 elementor-widget elementor-widget-heading\" data-id=\"8f74a22\" data-element_type=\"widget\" data-e-type=\"widget\" data-widget_type=\"heading.default\">\n\t\t\t\t<div class=\"elementor-widget-container\">\n\t\t\t\t\t<h2 class=\"elementor-heading-title elementor-size-default\">Nuestro Pr\u00f3ximo Evento<\/h2>\t\t\t\t<\/div>\n\t\t\t\t<\/div>\n\t\t\t\t<div class=\"elementor-element elementor-element-039b746 elementor-widget elementor-widget-button\" data-id=\"039b746\" data-element_type=\"widget\" data-e-type=\"widget\" data-widget_type=\"button.default\">\n\t\t\t\t<div class=\"elementor-widget-container\">\n\t\t\t\t\t\t\t\t\t<div class=\"elementor-button-wrapper\">\n\t\t\t\t\t<a class=\"elementor-button elementor-button-link elementor-size-sm\" href=\"#\">\n\t\t\t\t\t\t<span class=\"elementor-button-content-wrapper\">\n\t\t\t\t\t\t\t\t\t<span class=\"elementor-button-text\">Encu\u00e9ntranos<\/span>\n\t\t\t\t\t<\/span>\n\t\t\t\t\t<\/a>\n\t\t\t\t<\/div>\n\t\t\t\t\t\t\t\t<\/div>\n\t\t\t\t<\/div>\n\t\t\t\t\t<\/div>\n\t\t\t\t<\/div>\n\t\t\t\t<\/div>\n\t\t<div class=\"elementor-element elementor-element-68fceec e-flex e-con-boxed e-con e-parent\" data-id=\"68fceec\" data-element_type=\"container\" data-e-type=\"container\">\n\t\t\t\t\t<div class=\"e-con-inner\">\n\t\t<div class=\"elementor-element elementor-element-70ad66a e-con-full e-flex e-con e-child\" data-id=\"70ad66a\" data-element_type=\"container\" data-e-type=\"container\">\n\t\t\t\t<div class=\"elementor-element elementor-element-3647297 elementor-widget elementor-widget-text-editor\" data-id=\"3647297\" data-element_type=\"widget\" data-e-type=\"widget\" data-widget_type=\"text-editor.default\">\n\t\t\t\t<div class=\"elementor-widget-container\">\n\t\t\t\t\t\t\t\t\t<p>\u00a1Bienvenidos a la Iglesia de Dios Pentecostal M.I.!<\/p><p>Nos alegra tenerte aqu\u00ed y queremos que sepas que este es un lugar donde puedes encontrar paz, esperanza y amor. Nuestra comunidad est\u00e1 dedicada a vivir conforme a los principios de Jesucristo y estamos aqu\u00ed para acompa\u00f1arte en tu camino espiritual.<\/p><p>Ya seas un visitante, un nuevo miembro o alguien que busca respuestas, esperamos que encuentres en nosotros una familia en la fe. \u00a1Te invitamos a unirte a nosotros en nuestras celebraciones, actividades y en nuestra misi\u00f3n de llevar el amor de Dios a todos los rincones de nuestra comunidad!<\/p><p>\u00a1Que Dios te bendiga y te llene de Su gracia y amor!<\/p>\t\t\t\t\t\t\t\t<\/div>\n\t\t\t\t<\/div>\n\t\t\t\t<\/div>\n\t\t<div class=\"elementor-element elementor-element-fcc9b8a e-con-full e-flex e-con e-child\" data-id=\"fcc9b8a\" data-element_type=\"container\" data-e-type=\"container\">\n\t\t\t\t<div class=\"elementor-element elementor-element-fa9bd60 elementor-widget elementor-widget-image\" data-id=\"fa9bd60\" data-element_type=\"widget\" data-e-type=\"widget\" data-widget_type=\"image.default\">\n\t\t\t\t<div class=\"elementor-widget-container\">\n\t\t\t\t\t\t\t\t\t\t\t\t\t\t\t<img fetchpriority=\"high\" decoding=\"async\" width=\"1024\" height=\"682\" src=\"https:\/\/pcogim.com\/wp-content\/uploads\/2025\/01\/458698451_822493903381381_930686139036181745_n-1024x682.jpg\" class=\"attachment-large size-large wp-image-96\" alt=\"\" srcset=\"https:\/\/pcogim.com\/wp-content\/uploads\/2025\/01\/458698451_822493903381381_930686139036181745_n-1024x682.jpg 1024w, https:\/\/pcogim.com\/wp-content\/uploads\/2025\/01\/458698451_822493903381381_930686139036181745_n-300x200.jpg 300w, https:\/\/pcogim.com\/wp-content\/uploads\/2025\/01\/458698451_822493903381381_930686139036181745_n-768x512.jpg 768w, https:\/\/pcogim.com\/wp-content\/uploads\/2025\/01\/458698451_822493903381381_930686139036181745_n.jpg 1181w\" sizes=\"(max-width: 1024px) 100vw, 1024px\" \/>\t\t\t\t\t\t\t\t\t\t\t\t\t\t\t<\/div>\n\t\t\t\t<\/div>\n\t\t\t\t<\/div>\n\t\t\t\t\t<\/div>\n\t\t\t\t<\/div>\n\t\t<div class=\"elementor-element elementor-element-74a98d7 e-flex e-con-boxed e-con e-parent\" data-id=\"74a98d7\" data-element_type=\"container\" data-e-type=\"container\">\n\t\t\t\t\t<div class=\"e-con-inner\">\n\t\t\t\t<div class=\"elementor-element elementor-element-e908692 elementor-widget elementor-widget-shortcode\" data-id=\"e908692\" data-element_type=\"widget\" data-e-type=\"widget\" data-widget_type=\"shortcode.default\">\n\t\t\t\t<div class=\"elementor-widget-container\">\n\t\t\t\t\t\t\t<div class=\"elementor-shortcode\"><a href=\"https:\/\/example.com\/wp-content\/uploads\/2015\/01\/Plan-Summary.pdf\" class=\"pdfemb-viewer\" style=\"\" data-width=\"max\" data-height=\"max\" data-toolbar=\"bottom\" data-toolbar-fixed=\"off\">Plan-Summary<\/a><\/div>\n\t\t\t\t\t\t<\/div>\n\t\t\t\t<\/div>\n\t\t\t\t\t<\/div>\n\t\t\t\t<\/div>\n\t\t\t\t<\/div>\n\t\t","protected":false},"excerpt":{"rendered":"<p>Dios Paz Amor Iglesia de Dios Pentecostal M.l. Bienvenido a nuestra comunidad. Nos reunimos para alabar, aprender y compartir el [&hellip;]<\/p>\n","protected":false},"author":1,"featured_media":0,"parent":0,"menu_order":0,"comment_status":"closed","ping_status":"closed","template":"elementor_header_footer","meta":{"_coblocks_attr":"","_coblocks_dimensions":"","_coblocks_responsive_height":"","_coblocks_accordion_ie_support":"","_eb_attr":"","site-sidebar-layout":"no-sidebar","site-content-layout":"","ast-site-content-layout":"full-width-container","site-content-style":"default","site-sidebar-style":"default","ast-global-header-display":"","ast-banner-title-visibility":"","ast-main-header-display":"","ast-hfb-above-header-display":"","ast-hfb-below-header-display":"","ast-hfb-mobile-header-display":"","site-post-title":"disabled","ast-breadcrumbs-content":"","ast-featured-img":"disabled","footer-sml-layout":"","ast-disable-related-posts":"","theme-transparent-header-meta":"","adv-header-id-meta":"","stick-header-meta":"","header-above-stick-meta":"","header-main-stick-meta":"","header-below-stick-meta":"","astra-migrate-meta-layouts":"default","ast-page-background-enabled":"default","ast-page-background-meta":{"desktop":{"background-color":"var(--ast-global-color-5)","background-image":"","background-repeat":"repeat","background-position":"center center","background-size":"auto","background-attachment":"scroll","background-type":"","background-media":"","overlay-type":"","overlay-color":"","overlay-opacity":"","overlay-gradient":""},"tablet":{"background-color":"","background-image":"","background-repeat":"repeat","background-position":"center center","background-size":"auto","background-attachment":"scroll","background-type":"","background-media":"","overlay-type":"","overlay-color":"","overlay-opacity":"","overlay-gradient":""},"mobile":{"background-color":"","background-image":"","background-repeat":"repeat","background-position":"center center","background-size":"auto","background-attachment":"scroll","background-type":"","background-media":"","overlay-type":"","overlay-color":"","overlay-opacity":"","overlay-gradient":""}},"ast-content-background-meta":{"desktop":{"background-color":"var(--ast-global-color-4)","background-image":"","background-repeat":"repeat","background-position":"center center","background-size":"auto","background-attachment":"scroll","background-type":"","background-media":"","overlay-type":"","overlay-color":"","overlay-opacity":"","overlay-gradient":""},"tablet":{"background-color":"var(--ast-global-color-4)","background-image":"","background-repeat":"repeat","background-position":"center center","background-size":"auto","background-attachment":"scroll","background-type":"","background-media":"","overlay-type":"","overlay-color":"","overlay-opacity":"","overlay-gradient":""},"mobile":{"background-color":"var(--ast-global-color-4)","background-image":"","background-repeat":"repeat","background-position":"center center","background-size":"auto","background-attachment":"scroll","background-type":"","background-media":"","overlay-type":"","overlay-color":"","overlay-opacity":"","overlay-gradient":""}},"footnotes":""},"class_list":["post-4","page","type-page","status-publish","hentry"],"_links":{"self":[{"href":"https:\/\/pcogim.com\/index.php\/wp-json\/wp\/v2\/pages\/4","targetHints":{"allow":["GET"]}}],"collection":[{"href":"https:\/\/pcogim.com\/index.php\/wp-json\/wp\/v2\/pages"}],"about":[{"href":"https:\/\/pcogim.com\/index.php\/wp-json\/wp\/v2\/types\/page"}],"author":[{"embeddable":true,"href":"https:\/\/pcogim.com\/index.php\/wp-json\/wp\/v2\/users\/1"}],"replies":[{"embeddable":true,"href":"https:\/\/pcogim.com\/index.php\/wp-json\/wp\/v2\/comments?post=4"}],"version-history":[{"count":70,"href":"https:\/\/pcogim.com\/index.php\/wp-json\/wp\/v2\/pages\/4\/revisions"}],"predecessor-version":[{"id":172,"href":"https:\/\/pcogim.com\/index.php\/wp-json\/wp\/v2\/pages\/4\/revisions\/172"}],"wp:attachment":[{"href":"https:\/\/pcogim.com\/index.php\/wp-json\/wp\/v2\/media?parent=4"}],"curies":[{"name":"wp","href":"https:\/\/api.w.org\/{rel}","templated":true}]}}